24 and 66?
6
Calculate the highest common divisor of 8024 and 14396.
236
What is the greatest common factor of 2504730 and 10?
10
What is the greatest common divisor of 368 and 8432?
16
Calculate the greatest common factor of 1657 and 4.
1
Calculate the highest common factor of 12303 and 81.
9
Calculate the highest common divisor of 123 and 42927.
123
What is the greatest common divisor of 32595 and 19345?
265
Calculate the greatest common factor of 354394 and 316.
158
What is the greatest common factor of 333 and 92130?
111
What is the greatest common divisor of 202219 and 1?
1
Calculate the greatest common divisor of 21888 and 16587.
171
Calculate the greatest common divisor of 262 and 63928.
262
Calculate the greatest common factor of 4867 and 10571.
31
Calculate the greatest common divisor of 12070 and 13770.
170
Calculate the greatest common divisor of 8323 and 3248.
203
Calculate the highest common factor of 33 and 297957.
33
What is the greatest common factor of 12 and 196008?
12
What is the highest common divisor of 104 and 26806?
26
Calculate the greatest common factor of 16 and 59084.
4
What is the highest common divisor of 42 and 1439466?
42
Calculate the highest common divisor of 92396 and 16.
4
What is the highest common divisor of 31958 and 174087?
841
What is the greatest common factor of 33021 and 999?
27
Calculate the greatest common divisor of 44896 and 7314.
46
What is the greatest common divisor of 74 and 181?
1
What is the greatest common divisor of 198269 and 1655?
331
Calculate the highest common factor of 5962 and 12914.
22
Calculate the highest common divisor of 490 and 6670370.
490
Calculate the highest common divisor of 106660 and 100.
20
What is the greatest common factor of 44 and 376992?
44
What is the highest common divisor of 175 and 1673?
7
What is the highest common factor of 221 and 152269?
221
What is the highest common divisor of 7273 and 21?
7
What is the greatest common divisor of 40 and 158504?
8
Calculate the highest common factor of 145 and 1133291.
29
Calculate the highest common factor of 76635 and 917.
131
Calculate the highest common divisor of 42 and 935928.
42
What is the highest common divisor of 154 and 708026?
22
Calculate the highest common divisor of 6 and 4232.
2
Calculate the highest common factor of 831 and 1227.
3
What is the highest common divisor of 4095 and 33327?
63
What is the highest common factor of 2030 and 24766?
406
Calculate the greatest common divisor of 12 and 6366.
6
Calculate the greatest common factor of 34 and 9227804.
34
What is the highest common factor of 7016 and 532339?
877
What is the highest common factor of 3556 and 952?
28
Calculate the highest common divisor of 21564 and 432.
36
Calculate the highest common factor of 100 and 25.
25
Calculate the greatest common factor of 32 and 10599.
1
Calculate the highest common divisor of 1126592 and 232.
232
Calculate the highest common divisor of 1591304 and 2028.
676
What is the greatest common factor of 477066 and 92?
46
Calculate the highest common divisor of 174 and 10380.
6
Calculate the highest common divisor of 6732 and 891.
99
What is the highest common factor of 46170 and 1938?
114
What is the highest common factor of 565 and 655?
5
What is the greatest common divisor of 804 and 1212?
12
Calculate the greatest common divisor of 82675 and 800.
25
Calculate the greatest common divisor of 114 and 816392.
38
What is the highest common divisor of 417 and 30997?
139
What is the greatest common factor of 1116 and 29853?
279
What is the highest common factor of 38 and 190342?
38
What is the highest common factor of 9869 and 1529?
139
What is the greatest common divisor of 310 and 4383710?
310
Calculate the greatest common factor of 1233 and 3071814.
411
What is the greatest common factor of 1126664 and 231?
77
Calculate the highest common divisor of 301308 and 252.
84
What is the highest common divisor of 34622 and 574?
14
Calculate the highest common divisor of 246 and 16278.
6
What is the greatest common divisor of 236875 and 15625?
625
Calculate the greatest common factor of 14744 and 12.
4
What is the greatest common divisor of 6789 and 465?
93
What is the greatest common factor of 91 and 2527?
7
What is the greatest common factor of 9374 and 602?
86
Calculate the greatest common factor of 395330 and 220.
10
Calculate the greatest common factor of 16043 and 1342.
61
What is the greatest common divisor of 432841 and 711?
79
What is the greatest common divisor of 4939 and 14564?
11
Calculate the greatest common divisor of 85 and 420155.
85
What is the greatest common factor of 1125 and 55?
5
Calculate the highest common factor of 115444 and 12028.
124
What is the greatest common factor of 1103570 and 845?
845
Calculate the greatest common factor of 1473355 and 6175.
1235
What is the greatest common factor of 8700 and 58435?
145
What is the greatest common divisor of 338592 and 192?
96
What is the highest common factor of 6768 and 423?
423
Calculate the highest common factor of 6996 and 4146879.
1749
Calculate the highest common divisor of 111 and 267510.
111
Calculate the greatest common divisor of 165 and 1017150.
15
Calculate the highest common factor of 6 and 3602.
2
Calculate the highest common factor of 15953 and 4816.
301
Calculate the greatest common divisor of 369 and 12300.
123
Calculate the greatest common divisor of 13340 and 60.
20
Calculate the greatest common divisor of 549 and 1737.
9
Calculate the highest common divisor of 435 and 233885.
145
What is the greatest common factor of 37329 and 276?
69
Calculate the highest common divisor of 84592 and 170.
34
What is the greatest common divisor of 60 and 28310?
10
Calculate the greatest common divisor of 534 and 162.
6
Calculate the highest common divisor of 396613 and 14.
7
Calculate the highest common divisor of 18 and 15024.
6
Calculate the greatest common factor of 124 and 43183.
31
What is the greatest common divisor of 133920 and 59985?
1395
Calculate the highest common divisor of 28194 and 1258.
74
Calculate the highest common factor of 45 and 119115.
45
Calculate the highest common divisor of 4316 and 3328.
52
Calculate the greatest common factor of 421180 and 160.
20
Calculate the greatest common factor of 41895 and 63.
63
What is the highest common factor of 4655 and 120?
5
What is the greatest common divisor of 1605 and 15729?
321
Calculate the highest common divisor of 99 and 1463517.
99
Calculate the highest common factor of 2394 and 652232.
266
What is the greatest common divisor of 29488 and 8?
8
Calculate the greatest common divisor of 54880 and 175.
35
What is the highest common factor of 450 and 74475?
225
What is the greatest common factor of 15200 and 5050?
50
What is the greatest common divisor of 18616 and 2080?
104
What is the highest common factor of 2064 and 4171?
43
Calculate the greatest common factor of 26805 and 15.
15
What is the highest common factor of 28141 and 1052?
263
What is the highest common divisor of 211086 and 81?
81
Calculate the greatest common divisor of 507 and 600626.
169
Calculate the highest common factor of 34 and 17221.
17
What is the highest common factor of 1073216 and 40?
8
What is the highest common factor of 183380 and 2595?
865
What is the greatest common divisor of 1015188 and 372?
372
Calculate the greatest common divisor of 16271 and 28244.
307
What is the highest common divisor of 49 and 4138736?
49
What is the highest common factor of 114948 and 576?
36
Calculate the highest common divisor of 180 and 1694124.
36
What is the greatest common factor of 12612843 and 531?
531
Calculate the highest common divisor of 738 and 45621.
9
Calculate the highest common factor of 351 and 4953.
39
Calculate the greatest common factor of 25666 and 574.
82
What is the highest common divisor of 1060 and 463750?
530
What is the highest common divisor of 352989 and 585?
117
Calculate the highest common factor of 289 and 50864.
289
Calculate the highest common factor of 5410524 and 24.
12
What is the highest common divisor of 750 and 744?
6
What is the greatest common divisor of 1120 and 213120?
160
What is the highest common divisor of 9879 and 46768?
37
What is the highest common divisor of 7536 and 1570?
314
Wh